Is 437947267 prime?
True
Is 357753311 prime?
True
Is 381932483 prime?
True
Is 34683836389 a composite number?
True
Is 52074960797 a prime number?
True
Is 1580943727 a prime number?
False
Is 643619989 prime?
True
Is 3671597977 composite?
True
Is 35994957689 prime?
True
Is 559668533 a composite number?
True
Is 17905285669 composite?
False
Is 44349847 a prime number?
False
Is 4917816245 a prime number?
False
Is 11407028743 composite?
True
Is 2663215743 composite?
True
Is 1030680041 composite?
True
Is 134410583435 a composite number?
True
Is 162030408271 a prime number?
True
Is 1416514967 composite?
True
Is 95279089029 composite?
True
Is 1949252087 composite?
False
Is 931607483 a prime number?
True
Is 1476663563 composite?
False
Is 7615819147 prime?
True
Is 2179704389 a prime number?
True
Is 20758856543 a prime number?
False
Is 13278214657 a prime number?
False
Is 19265325085 a prime number?
False
Is 232225901 composite?
True
Is 8609521666 prime?
False
Is 46090974001 composite?
True
Is 2434603139 a composite number?
False
Is 2970515321 a prime number?
False
Is 31345644083 a prime number?
False
Is 125519189 prime?
True
Is 1949446427 composite?
False
Is 2724966473 a prime number?
True
Is 16070442281 a prime number?
True
Is 59857617587 a prime number?
False
Is 68801863 prime?
False
Is 519836011 prime?
False
Is 198153391 a composite number?
False
Is 607774751 composite?
True
Is 252427363 a prime number?
False
Is 79498063 composite?
True
Is 14363209 prime?
False
Is 834410293 a composite number?
True
Is 83695529305 a prime number?
False
Is 29618918081 composite?
True
Is 1201018123 a prime number?
False
Is 2674649873 a prime number?
False
Is 60413629807 composite?
False
Is 1398343097 a composite number?
True
Is 33232872657 prime?
False
Is 61471798991 composite?
True
Is 4051748495 prime?
False
Is 2794265317 a prime number?
True
Is 55092295621 prime?
False
Is 163746888581 composite?
False
Is 7332091313 a prime number?
False
Is 1702832653 a prime number?
True
Is 622433057 a prime number?
True
Is 301336367 composite?
False
Is 9690753197 a prime number?
False
Is 29967139919 a composite number?
False
Is 22267466041 a composite number?
False
Is 26761513 a composite number?
False
Is 238532323 prime?
True
Is 8265701003 composite?
True
Is 14562669801 composite?
True
Is 2517954707 a prime number?
False
Is 1090973951 prime?
True
Is 197918387 a prime number?
True
Is 41425054633 a prime number?
True
Is 1200887945 prime?
False
Is 53743178779 composite?
True
Is 3220694821 prime?
False
Is 111668227 a prime number?
False
Is 216137459 prime?
True
Is 48166036673 composite?
False
Is 154915287545 prime?
False
Is 3543440045 a prime number?
False
Is 30451045 a prime number?
False
Is 18446843561 prime?
False
Is 80210921719 prime?
False
Is 85948671 a prime number?
False
Is 1404348227 a composite number?
False
Is 18429306734 a composite number?
True
Is 26456501129 a prime number?
True
Is 45065467786 prime?
False
Is 18966614809 prime?
True
Is 2074901033 composite?
True
Is 517376933 a prime number?
True
Is 696114427 prime?
False
Is 75468729491 prime?
True
Is 8099556137 prime?
False
Is 4560564161 a prime number?
True
Is 40307766341 prime?
True
Is 97223318693 prime?
False
Is 81712741 prime?
False
Is 12294854659 a composite number?
False
Is 1462090667 prime?
True
Is 1159421 a prime number?
True
Is 642336007 prime?
False
Is 26040933011 a prime number?
False
Is 33984931847 composite?
True
Is 137876648523 composite?
True
Is 24817901701 a composite number?
True
Is 35917840019 prime?
False
Is 189108593 prime?
False
Is 33005103847 a composite number?
True
Is 1894920721 a prime number?
True
Is 4901076769 a prime number?
True
Is 2829536449 composite?
True
Is 224051426389 composite?
True
Is 240648229 composite?
True
Is 322487593 prime?
True
Is 149296208773 composite?
True
Is 27893431711 a composite number?
True
Is 692567197 a prime number?
False
Is 549721 prime?
False
Is 25126440179 composite?
False
Is 18575654941 prime?
False
Is 3204651803 composite?
True
Is 689077697891 a prime number?
False
Is 553870923 composite?
True
Is 1014275473 composite?
True
Is 1336141429 a prime number?
False
Is 162602291 prime?
False
Is 468657883 composite?
True
Is 1545525439 composite?
True
Is 835661711 a prime number?
True
Is 3181038319 prime?
True
Is 3084221759 composite?
True
Is 213890717 composite?
False
Is 38508554743 composite?
True
Is 128762479 composite?
True
Is 866937563 a prime number?
False
Is 32683067 prime?
True
Is 117595105139 a prime number?
False
Is 5210313553 a composite number?
False
Is 1389903839 a composite number?
False
Is 4028074153 composite?
True
Is 741431689 prime?
False
Is 6961377161 a composite number?
False
Is 2136987373 a prime number?
True
Is 57793602327 composite?
True
Is 313077847 composite?
False
Is 11030304209 composite?
False
Is 1449517949 a prime number?
False
Is 8155180903 composite?
False
Is 25466827 composite?
False
Is 655294823 a composite number?
False
Is 157342153477 composite?
False
Is 87467917 prime?
False
Is 1960112951 a composite number?
False
Is 48762723773 prime?
True
Is 4542185017 prime?
True
Is 108443988209 prime?
True
Is 31713331151 composite?
False
Is 5875331951 a prime number?
True
Is 4274357179 composite?
True
Is 3948752429 composite?
True
Is 31524721 a prime number?
True
Is 1186009189 a composite number?
False
Is 11416864873 composite?
False
Is 7722383971 composite?
True
Is 1500376961 prime?
False
Is 2142376529 a composite number?
False
Is 46187444287 a prime number?
True
Is 47760939997 prime?
True
Is 11805997421 prime?
True
Is 19866193861 a prime number?
False
Is 4116340285 composite?
True
Is 35425478779 prime?
True
Is 98057143 a prime number?
False
Is 48927228397 prime?
True
Is 20222841277 composite?
False
Is 8436102091 a composite number?
True
Is 625052521 composite?
False
Is 573496913 composite?
True
Is 14575438195 prime?
False
Is 29734543963 composite?
False
Is 81479320483 composite?
True
Is 2698870277 a composite number?
False
Is 816537829 prime?
False
Is 974198479 composite?
True
Is 8863652657 composite?
True
Is 9205246793 a prime number?
False
Is 507414461 prime?
True
Is 93298949351 a composite number?
True
Is 10750303 a prime number?
True
Is 796348279 a prime number?
True
Is 1296031589 a prime number?
False
Is 48615726311 a composite number?
False
Is 17727584333 prime?
False
Is 1184008219 prime?
False
Is 1162581787 a prime number?
True
Is 25674490663 prime?
False
Is 230606507 a composite number?
True
Is 689345927 a composite number?
True
Is 13064314181 a prime number?
True
Is 1955981927 a prime number?
True
Is 60422664019 a composite number?
True
Is 414256463 a composite number?
True
Is 32126158027 a composite number?
True
Is 255506857031 prime?
True
Is 19208153233 a prime number?
True
Is 11326078403 a composite number?
True
Is 131565413 a prime number?
False
Is 1378121087 composite?
True
Is 2512233709 composite?
True
Is 27666207733 a prime number?
True
Is 2202162679 a composite number?
False
Is 5744790461 a prime number?
True
Is 8932523981 composite?
False
Is 168837671 composite?
False
Is 64467874363 prime?
False
Is 9657356393 a prime number?
True
Is 3025832651 prime?
True
Is 252792633 a composite number?
True
Is 2885821307 prime?
True
Is 266147437 composite?
False
Is 66041296879 composite?
False
Is 33144668633 composite?
False
Is 2898107273 a composite number?
True
Is 25388972839 prime?
True
Is 512929987 a prime number?
False
Is 11340665255 composite?
True
Is 22822841 prime?
False
Is 477098077 a composite number?
True
Is 406592279 a prime number?
True
Is 203405197 a composite number?
True
Is 2515552553 composite?
True
Is 3395460221 a prime number?
True
Is 992871745 composite?
True
Is 27492730999 prime?
False
Is 2809298159 composite?
False
Is 685951327 prime?
True
Is 13780087142 a composite number?
True
Is 951498703 a prime number?
True
Is 1501671263 composite?
True
Is 79589129 a prime number?
True
Is 26456964823 a composite number?
False
Is 60269116639 a composite number?
False
Is 24032612027 a prime number?
True
Is 9956997377 a composite number?
False
Is 46823701259 prime?
True
Is 211027770847 composite?
False
Is 163365351421 prime?
True
Is 10759123 a composite number?
True
Is 87477613 composite?
True
Is 10483820339 prime?
True
Is 104581583917 